 of 28?
True
Is 29 a factor of 2205?
False
Is 12 a factor of 11952?
True
Is 3352 a multiple of 17?
False
Does 25 divide 833?
False
Is 39 a factor of 1098?
False
Is 902 a multiple of 22?
True
Does 22 divide 2172?
False
Is 3 a factor of 194?
False
Does 11 divide 10472?
True
Is 125 a factor of 8875?
True
Is 448 a multiple of 8?
True
Does 82 divide 6396?
True
Does 7 divide 420?
True
Is 37083 a multiple of 9?
False
Is 15 a factor of 8820?
True
Does 6 divide 19?
False
Is 18 a factor of 19429?
False
Is 5738 a multiple of 135?
False
Is 3562 a multiple of 11?
False
Is 540 a multiple of 2?
True
Is 537 a multiple of 20?
False
Does 9 divide 54?
True
Is 58 a factor of 309?
False
Does 8 divide 62?
False
Does 36 divide 180?
True
Is 13836 a multiple of 10?
False
Is 3 a factor of 49?
False
Is 47 a factor of 9964?
True
Does 69 divide 61203?
True
Does 18 divide 6661?
False
Is 39 a factor of 390?
True
Does 5 divide 1790?
True
Is 16 a factor of 43624?
False
Is 54 a multiple of 9?
True
Is 12 a factor of 721?
False
Is 4624 a multiple of 17?
True
Is 12089 a multiple of 157?
True
Is 1089 a multiple of 71?
False
Is 903 a multiple of 12?
False
Is 19 a factor of 10453?
False
Is 80 a factor of 43645?
False
Is 36 a factor of 1980?
True
Does 32 divide 1031?
False
Does 39 divide 663?
True
Does 42 divide 588?
True
Is 3041 a multiple of 35?
False
Is 55 a factor of 8525?
True
Is 320 a multiple of 7?
False
Is 549 a multiple of 5?
False
Is 2068 a multiple of 60?
False
Is 13 a factor of 20397?
True
Is 86 a factor of 194?
False
Is 62 a factor of 1488?
True
Is 49 a factor of 995?
False
Does 35 divide 1137?
False
Does 25 divide 44400?
True
Is 10880 a multiple of 12?
False
Does 15 divide 60?
True
Is 18 a factor of 3207?
False
Is 61 a factor of 3516?
False
Is 23 a factor of 25637?
False
Is 19 a factor of 171?
True
Does 5 divide 735?
True
Is 7 a factor of 371?
True
Is 213 a multiple of 5?
False
Is 10 a factor of 62770?
True
Is 253 a factor of 21505?
True
Is 17 a factor of 19176?
True
Is 251 a factor of 36130?
False
Is 906 a multiple of 70?
False
Is 1307 a multiple of 73?
False
Does 63 divide 2142?
True
Is 94 a factor of 24158?
True
Does 3 divide 4695?
True
Does 51 divide 96296?
False
Is 14 a factor of 9086?
True
Is 52 a factor of 2340?
True
Is 160 a multiple of 80?
True
Is 9 a factor of 18?
True
Does 7 divide 89?
False
Does 5 divide 10503?
False
Is 108 a multiple of 36?
True
Is 27633 a multiple of 62?
False
Is 39 a factor of 1065?
False
Is 10687 a multiple of 226?
False
Does 183 divide 3190?
False
Is 7 a factor of 3237?
False
Is 206 a factor of 11640?
False
Is 12081 a multiple of 8?
False
Does 19 divide 8648?
False
Is 5163 a multiple of 13?
False
Is 49 a factor of 610?
False
Is 59 a factor of 3690?
False
Does 187 divide 18868?
False
Is 5 a factor of 25620?
True
Is 10 a factor of 118199?
False
Is 5 a factor of 2558?
False
Is 3927 a multiple of 43?
False
Is 1100 a multiple of 22?
True
Is 26 a factor of 1731?
False
Is 22725 a multiple of 45?
True
Is 142 a factor of 5983?
False
Is 70 a multiple of 58?
False
Does 126 divide 45726?
False
Is 8040 a multiple of 30?
True
Is 32 a factor of 1609?
False
Does 59 divide 43238?
False
Does 99 divide 491?
False
Does 27 divide 326?
False
Is 31928 a multiple of 13?
True
Does 3 divide 776?
False
Is 34 a factor of 1749?
False
Is 59 a factor of 96996?
True
Is 32 a factor of 1635?
False
Does 9 divide 3510?
True
Does 104 divide 10241?
False
Does 17 divide 3060?
True
Is 2982 a multiple of 14?
True
Does 4 divide 158?
False
Does 12 divide 2400?
True
Is 29 a factor of 805?
False
Is 8 a factor of 5576?
True
Does 15 divide 1380?
True
Does 14 divide 175016?
False
Is 9 a factor of 4723?
False
Is 9 a factor of 369?
True
Is 104 a multiple of 3?
False
Does 12 divide 316?
False
Is 145 a multiple of 5?
True
Is 169 a factor of 819?
False
Does 38 divide 87683?
False
Is 51 a factor of 3219?
False
Does 33 divide 33365?
False
Is 71 a factor of 3621?
True
Is 448 a multiple of 14?
True
Is 12 a factor of 27462?
False
Is 2181 a multiple of 52?
False
Is 10 a factor of 8721?
False
Does 38 divide 1064?
True
Is 16 a factor of 11552?
True
Does 76 divide 9424?
True
Does 9 divide 819?
True
Does 28 divide 2268?
True
Is 6433 a multiple of 7?
True
Is 34 a factor of 1323?
False
Does 9 divide 23951?
False
Does 10 divide 859?
False
Is 731 a multiple of 12?
False
Does 13 divide 321?
False
Is 42 a factor of 1680?
True
Does 18 divide 1343?
False
Is 338 a multiple of 53?
False
Does 19 divide 17784?
True
Does 96 divide 1632?
True
Does 26 divide 2366?
True
Is 128 a factor of 5760?
True
Is 10920 a multiple of 105?
True
Does 14 divide 2384?
False
Is 8853 a multiple of 21?
False
Is 41 a factor of 2747?
True
Is 16813 a multiple of 5?
False
Is 7 a factor of 117?
False
Is 56 a multiple of 2?
True
Is 9201 a multiple of 12?
False
Does 21 divide 8526?
True
Does 13 divide 6318?
True
Is 8 a factor of 212?
False
Is 1248 a multiple of 100?
False
Is 15 a factor of 11430?
True
Is 75 a factor of 4050?
True
Is 8 a factor of 1688?
True
Is 15343 a multiple of 67?
True
Is 930 a multiple of 46?
False
Does 55 divide 1758?
False
Does 81 divide 8181?
True
Does 31 divide 2113?
False
Is 75 a factor of 3975?
True
Does 5 divide 337?
False
Does 20 divide 95?
False
Is 4360 a multiple of 40?
True
Is 29 a factor of 2471?
False
Is 38480 a multiple of 104?
True
Does 13 divide 8740?
False
Is 9 a factor of 1990?
False
Is 5418 a multiple of 14?
True
Does 56 divide 21801?
False
Does 31 divide 5900?
False
Does 23 divide 1886?
True
Is 5240 a multiple of 88?
False
Is 2437 a multiple of 39?
False
Is 30 a factor of 1638?
False
Is 2520 a multiple of 28?
True
Is 62 a factor of 20638?
False
Is 36 a factor of 187?
False
Is 245 a multiple of 49?
True
Does 84 divide 5292?
True
Is 15 a factor of 17352?
False
Is 13 a factor of 144222?
True
Does 27 divide 29737?
False
Is 51 a factor of 35904?
True
Is 10 a factor of 74305?
False
Does 30 divide 1050?
True
Does 5 divide 2247?
False
Does 18 divide 16614?
True
Is 20 a factor of 1455?
False
Is 20538 a multiple of 21?
True
Is 17 a factor of 186388?
True
Is 13 a factor of 507?
True
Is 16 a factor of 14469?
False
Does 8 divide 52?
False
Does 31 divide 1176?
False
Does 3 divide 365?
False
Is 10600 a multiple of 106?
True
Is 230 a multiple of 33?
False
Is 159 a multiple of 4?
False
Does 80 divide 46560?
True
Is 277 a factor of 73682?
True
Is 18128 a multiple of 103?
True
Does 17 divide 7072?
True
Is 2 a factor of 18?
True
Is 19 a factor of 430?
False
Does 39 divide 95447?
False
Does 196 divide 23324?
True
Does 8 divide 3584?
True
Is 1927 a multiple of 6?
False
Is 13 a factor of 45673?
False
Is 3 a factor of 122?
False
Does 2 divide 6314?
True
Is 10 a factor of 1720?
True
Is 595 a multiple of 7?
True
Is 821 a multiple of 5?
False
Is 14130 a multiple of 14?
False
Does 6 divide 2330?
False
Does 3 divide 3600?
True
Is 15622 a multiple of 107?
True
Is 1709 a multiple of 71?
False
Is 11 a factor of 2680?
False
Does 6 divide 690?
True
Is 58 a factor of 4292?
True
Does 5 divide 268?
False
Does 8 divide 268?
False
Is 22 a factor of 33085?
False
Is 5 a factor of 395?
True
Does 39 divide 1419?
False
Is 17400 a multiple of 20?
True
Is 19 a factor of 10716?
True
Is 15 a factor of 255?
True
Is 97 a multiple of 16?
False
Is 84 a factor of 22858?
False
Does 12 divide 2652?
True
Is 41 a factor of 2542?
True
Does 142 divide 6609?
False
Does 64 divide 6184?
False
Does 71 divide 3996?
False
Is 21 a factor of 9947?
False
Is 36261 a multiple of 336?
False
Is 12 a factor of 3732?
True
Is 41 a factor of 1681?
True
Is 1712 a multiple of 12?
False
Does 20 divide 16271?
False
Is 37 a factor of 888?
True
Does 18 divide 17172?
True
Is 780 a multiple of 39?
True
Does 44 divide 10284?
False
Does 10 divide 450?
True
Does 104 divide 10400?
True
Is 12 a factor of 113436?
True
Is 4 a factor of 380?
True
Does 29 divide 11426?
True
Is 42586 a multiple of 15?
False
Is 24 a factor of 312?
True
Is 99582 a multiple of 35?
False
Is 3960 a multiple of 18?
True
Is 317 a factor of 2524?
False
Is 9758 a multiple of 170?
False
Is 7791 a multiple of 7?
True
Is 30455 a multiple of 9?
False
Is 6 a factor of 438?
True
Does 7 divide 1761?
False
Does 69 divide 319?
False
Is 21465 a multiple of 159?
True
Is 20 a factor of 6640?
True
Is 10912 a multiple of 31?
